{"id":50,"date":"2017-01-26T12:12:03","date_gmt":"2017-01-26T11:12:03","guid":{"rendered":"http:\/\/www.budapestatumanera.com\/?page_id=50"},"modified":"2024-08-25T12:53:48","modified_gmt":"2024-08-25T10:53:48","slug":"quienes-somos","status":"publish","type":"page","link":"https:\/\/www.budapestatumanera.com\/index.php\/quienes-somos\/","title":{"rendered":"\u00bfQUI\u00c9NES SOMOS?"},"content":{"rendered":"<p><div class=\"fusion-fullwidth fullwidth-box fusion-builder-row-1 nonhundred-percent-fullwidth non-hundred-percent-height-scrolling\" style=\"--awb-background-position:left top;--awb-border-sizes-top:0px;--awb-border-sizes-bottom:0px;--awb-border-sizes-left:0px;--awb-border-sizes-right:0px;--awb-border-radius-top-left:0px;--awb-border-radius-top-right:0px;--awb-border-radius-bottom-right:0px;--awb-border-radius-bottom-left:0px;--awb-padding-top:0px;--awb-padding-right:10%;--awb-padding-bottom:0px;--awb-padding-left:10%;--awb-flex-wrap:wrap;\" ><div class=\"fusion-builder-row fusion-row\"><div class=\"fusion-layout-column fusion_builder_column fusion-builder-column-0 fusion_builder_column_1_1 1_1 fusion-one-full fusion-column-first fusion-column-last fusion-column-no-min-height\" style=\"--awb-bg-size:cover;--awb-margin-bottom:0px;\"><div class=\"fusion-column-wrapper fusion-flex-column-wrapper-legacy\"><div class=\"fusion-text fusion-text-1\"><h1 style=\"text-align: center;\">\u00c9va\u00a0&amp; Eszter<\/h1>\n<\/div><div class=\"fusion-sep-clear\"><\/div><div class=\"fusion-separator fusion-full-width-sep\" style=\"margin-left: auto;margin-right: auto;margin-bottom:20px;width:100%;\"><\/div><div class=\"fusion-sep-clear\"><\/div><div class=\"fusion-clearfix\"><\/div><\/div><\/div><div class=\"fusion-layout-column fusion_builder_column fusion-builder-column-1 fusion_builder_column_1_2 1_2 fusion-one-half fusion-column-first\" style=\"--awb-bg-size:cover;width:48%; margin-right: 4%;\"><div class=\"fusion-column-wrapper fusion-flex-column-wrapper-legacy\"><div class=\"fusion-person person fusion-person-left fusion-person-1 fusion-person-icon-top\" style=\"--awb-pic-style-color:#000000;--awb-pic-borderradius:0px;--awb-margin-top:0px;--awb-margin-right:0px;--awb-margin-bottom:0px;--awb-margin-left:0px;--awb-social-box-border-top:0px;--awb-social-box-border-right:0px;--awb-social-box-border-bottom:0px;--awb-social-box-border-left:0px;--awb-social-box-border-color:var(--awb-color3);--awb-social-box-border-color-hover:var(--awb-color4);--awb-social-box-colors-hover:rgba(232,232,232,0.8);--awb-social-icon-boxed-colors:#e8e8e8;--awb-social-icon-colors:#bebdbd;--awb-social-icon-colors-hover:rgba(190,189,189,0.8);\"><div class=\"person-shortcode-image-wrapper\"><div class=\"person-image-container hover-type-none\" style=\"border:0px solid #f6f6f6;-webkit-border-radius:0px;-moz-border-radius:0px;border-radius:0px;\"><img decoding=\"async\" class=\"person-img img-responsive wp-image-158\" width=\"500\" height=\"500\" src=\"https:\/\/www.budapestatumanera.com\/wp-content\/uploads\/2017\/01\/budapest-a-tu-manera-Eva.jpg\" alt=\"\u00c9va\" srcset=\"https:\/\/www.budapestatumanera.com\/wp-content\/uploads\/2017\/01\/budapest-a-tu-manera-Eva-66x66.jpg 66w, https:\/\/www.budapestatumanera.com\/wp-content\/uploads\/2017\/01\/budapest-a-tu-manera-Eva-150x150.jpg 150w, https:\/\/www.budapestatumanera.com\/wp-content\/uploads\/2017\/01\/budapest-a-tu-manera-Eva-300x300.jpg 300w, https:\/\/www.budapestatumanera.com\/wp-content\/uploads\/2017\/01\/budapest-a-tu-manera-Eva.jpg 500w\" sizes=\"(max-width: 500px) 100vw, 500px\" \/><\/div><\/div><div class=\"person-desc\" style=\"background-color:var(--awb-color8);padding:40px;margin-top:0;\"><div class=\"person-author\"><div class=\"person-author-wrapper\"><span class=\"person-name\">\u00c9va<\/span><span class=\"person-title\"><\/span><\/div><\/div><div class=\"person-content fusion-clearfix\"><\/div><\/div><\/div><div class=\"fusion-sep-clear\"><\/div><div class=\"fusion-separator fusion-full-width-sep\" style=\"margin-left: auto;margin-right: auto;margin-bottom:20px;width:100%;\"><\/div><div class=\"fusion-sep-clear\"><\/div><div class=\"fusion-text fusion-text-2\"><p>La carrera de \u00c9va traza un itinerario propiamente h\u00fangaro en el plano de Budapest. Naci\u00f3 en un c\u00e9ntrico barrio predominantemente obrero de Pest, cerca de la plaza Oktogon, que en su infancia se llamaba Plaza del 7 de noviembre, aludiendo a la Revoluci\u00f3n Rusa. La dualidad de las denominaciones \u2013la comunista y la actual\u2013 define hasta hoy su relaci\u00f3n con esta ciudad tan cambiante. Le fascina su fragmentaci\u00f3n, sus contradicciones y su colorido, debido a las diferencias culturales y geogr\u00e1ficas de sus barrios. Hasta su adolescencia, \u00c9va vivi\u00f3 en un pa\u00eds con las fronteras cerradas y con escasas posibilidades de viajar y no se hubiera imaginado poder hacerlo un d\u00eda libremente. Desde el cambio de r\u00e9gimen, \u00c9va ha vivido en los m\u00e1s diversos y curiosos lugares \u2013a bordo de un velero y en una de las inmensas ciudades americanas\u2013, pero su amor por Budapest nunca ha disminuido.<br \/>\nLicenciada en Filolog\u00eda Hisp\u00e1nica y H\u00fangara y en Estudios de la Mujer, \u00c9va se dedica a la escritura. Y la ciudad que tanto ama se ha convertido en el protagonista de sus novelas. \u00c9va tambi\u00e9n es traductora, ha traducido al espa\u00f1ol obras de S\u00e1ndor M\u00e1rai (Salamandra), Mikl\u00f3s B\u00e1nffy (Libros del Asteroide) y de Alad\u00e1r Kuncz (KRK), entre muchas otras. En Hungr\u00eda, Almudena Grandes, Mar\u00eda Due\u00f1as o Ildefonso Falcones suenan con su voz. A \u00c9va le encanta correr por los montes de Buda o en la Isla Margarita. Ha colaborado como voluntaria en numerosos proyectos contra la violencia de g\u00e9nero.<\/p>\n<\/div><div class=\"fusion-clearfix\"><\/div><\/div><\/div><div class=\"fusion-layout-column fusion_builder_column fusion-builder-column-2 fusion_builder_column_1_2 1_2 fusion-one-half fusion-column-last\" style=\"--awb-bg-size:cover;width:48%;\"><div class=\"fusion-column-wrapper fusion-flex-column-wrapper-legacy\"><div class=\"fusion-person person fusion-person-left fusion-person-2 fusion-person-icon-top\" style=\"--awb-pic-style-color:#000000;--awb-pic-borderradius:0px;--awb-margin-top:0px;--awb-margin-right:0px;--awb-margin-bottom:0px;--awb-margin-left:0px;--awb-social-box-border-top:0px;--awb-social-box-border-right:0px;--awb-social-box-border-bottom:0px;--awb-social-box-border-left:0px;--awb-social-box-border-color:var(--awb-color3);--awb-social-box-border-color-hover:var(--awb-color4);--awb-social-box-colors-hover:rgba(232,232,232,0.8);--awb-social-icon-boxed-colors:#e8e8e8;--awb-social-icon-colors:#bebdbd;--awb-social-icon-colors-hover:rgba(190,189,189,0.8);\"><div class=\"person-shortcode-image-wrapper\"><div class=\"person-image-container hover-type-none\" style=\"border:0px solid #f6f6f6;-webkit-border-radius:0px;-moz-border-radius:0px;border-radius:0px;\"><img decoding=\"async\" class=\"person-img img-responsive wp-image-411\" width=\"500\" height=\"500\" src=\"https:\/\/www.budapestatumanera.com\/wp-content\/uploads\/2017\/01\/honlapra_Eszter2.jpg\" alt=\"Eszter\" srcset=\"https:\/\/www.budapestatumanera.com\/wp-content\/uploads\/2017\/01\/honlapra_Eszter2-66x66.jpg 66w, https:\/\/www.budapestatumanera.com\/wp-content\/uploads\/2017\/01\/honlapra_Eszter2-150x150.jpg 150w, https:\/\/www.budapestatumanera.com\/wp-content\/uploads\/2017\/01\/honlapra_Eszter2-300x300.jpg 300w, https:\/\/www.budapestatumanera.com\/wp-content\/uploads\/2017\/01\/honlapra_Eszter2.jpg 500w\" sizes=\"(max-width: 500px) 100vw, 500px\" \/><\/div><\/div><div class=\"person-desc\" style=\"background-color:var(--awb-color8);padding:40px;margin-top:0;\"><div class=\"person-author\"><div class=\"person-author-wrapper\"><span class=\"person-name\">Eszter<\/span><span class=\"person-title\"><\/span><\/div><\/div><div class=\"person-content fusion-clearfix\"><\/div><\/div><\/div><div class=\"fusion-sep-clear\"><\/div><div class=\"fusion-separator fusion-full-width-sep\" style=\"margin-left: auto;margin-right: auto;margin-bottom:20px;width:100%;\"><\/div><div class=\"fusion-sep-clear\"><\/div><div class=\"fusion-text fusion-text-3\"><p>Eszter vivi\u00f3 unos a\u00f1os en el extranjero, y su experiencia le ense\u00f1\u00f3 a ver Budapest con otros ojos: al volver, de pronto descubri\u00f3 que Budapest era una ciudad sin par y empez\u00f3 a valorar lo que antes le hab\u00eda parecido de lo m\u00e1s natural. Le encanta vivir en esta ciudad, en la que, si quiere, por la ma\u00f1ana puede hacer una excursi\u00f3n con su familia por los montes de Buda o, si llueve, relajarse en alguno de los magn\u00edficos ba\u00f1os termales; a mediod\u00eda puede comer en un acogedor restaurante, de aire provinciano, de Buda; por la tarde puede quedar con los amigos en un caf\u00e9 tradicional del centro, y por la noche escuchar un concierto de rock en el barco A38, elegido hace unos a\u00f1os &#8222;el mejor pub del mundo&#8221; por Lonely Planet.<br \/>\nLicenciada en Filolog\u00eda Hisp\u00e1nica y Alemana, Eszter es traductora literaria, ha traducido libros de importantes autores h\u00fangaros al espa\u00f1ol, para editoriales espa\u00f1olas, como Acantilado, Sexto Piso o El Nadir. Da clases en un curso de posgrado de formaci\u00f3n de traductores. Con su amiga \u00c9va ha fundado la revista lho.es, dedicada a la literatura h\u00fangara en espa\u00f1ol. Eszter toca el piano y canta en un popular coro de improvisaci\u00f3n. Le encanta cocinar y hacer pan. Para comer un buen kr\u00e9mes, es capaz de ir hasta una pasteler\u00eda del barrio del Castillo, donde mejor lo preparan.<\/p>\n<\/div><div class=\"fusion-clearfix\"><\/div><\/div><\/div><div class=\"fusion-layout-column fusion_builder_column fusion-builder-column-3 fusion_builder_column_1_2 1_2 fusion-one-half fusion-column-first\" style=\"--awb-bg-size:cover;width:48%; margin-right: 4%;\"><div class=\"fusion-column-wrapper fusion-flex-column-wrapper-legacy\"><ul style=\"--awb-size:20px;--awb-iconcolor:#f3631f;--awb-line-height:34px;--awb-icon-width:34px;--awb-icon-height:34px;--awb-icon-margin:14px;--awb-content-margin:48px;\" class=\"fusion-checklist fusion-checklist-1 fusion-checklist-default type-icons\"><li class=\"fusion-li-item\" style=\"\"><span class=\"icon-wrapper circle-no\"><i class=\"fusion-li-icon fa fa-thumbs-o-up\" aria-hidden=\"true\"><\/i><\/span><div class=\"fusion-li-item-content\">Su palabra favorita en h\u00fangaro: zsomb\u00e9k (carrizal)<\/div><\/li><li class=\"fusion-li-item\" style=\"\"><span class=\"icon-wrapper circle-no\"><i class=\"fusion-li-icon fa fa-thumbs-o-up\" aria-hidden=\"true\"><\/i><\/span><div class=\"fusion-li-item-content\">Un lugar que te recomienda visitar en Budapest: Calle G\u00fcl Baba (en Buda, distrito II)<\/div><\/li><li class=\"fusion-li-item\" style=\"\"><span class=\"icon-wrapper circle-no\"><i class=\"fusion-li-icon fa fa-thumbs-o-up\" aria-hidden=\"true\"><\/i><\/span><div class=\"fusion-li-item-content\">Comida h\u00fangara que cree que deber\u00edas probar y que sin duda no encontrar\u00e1s en tu gu\u00eda: s\u00f3skaleves (crema de acedera)<\/div><\/li><\/ul><div class=\"fusion-clearfix\"><\/div><\/div><\/div><div class=\"fusion-layout-column fusion_builder_column fusion-builder-column-4 fusion_builder_column_1_2 1_2 fusion-one-half fusion-column-last\" style=\"--awb-bg-size:cover;width:48%;\"><div class=\"fusion-column-wrapper fusion-flex-column-wrapper-legacy\"><ul style=\"--awb-size:20px;--awb-iconcolor:#f3631f;--awb-line-height:34px;--awb-icon-width:34px;--awb-icon-height:34px;--awb-icon-margin:14px;--awb-content-margin:48px;\" class=\"fusion-checklist fusion-checklist-2 fusion-checklist-default type-icons\"><li class=\"fusion-li-item\" style=\"\"><span class=\"icon-wrapper circle-no\"><i class=\"fusion-li-icon fa fa-thumbs-o-up\" aria-hidden=\"true\"><\/i><\/span><div class=\"fusion-li-item-content\">Su palabra favorita en h\u00fangaro: s\u00f3haj (suspiro)<\/div><\/li><li class=\"fusion-li-item\" style=\"\"><span class=\"icon-wrapper circle-no\"><i class=\"fusion-li-icon fa fa-thumbs-o-up\" aria-hidden=\"true\"><\/i><\/span><div class=\"fusion-li-item-content\">Un lugar que te recomienda visitar en Budapest: R\u00f3mai part (orilla del Danubio en \u00d3buda)<\/div><\/li><li class=\"fusion-li-item\" style=\"\"><span class=\"icon-wrapper circle-no\"><i class=\"fusion-li-icon fa fa-thumbs-o-up\" aria-hidden=\"true\"><\/i><\/span><div class=\"fusion-li-item-content\">Comida h\u00fangara que cree que deber\u00edas probar y que sin duda no encontrar\u00e1s en tu gu\u00eda: Piment\u00f3n relleno con carne y arroz en salsa de tomate<\/div><\/li><\/ul><div class=\"fusion-clearfix\"><\/div><\/div><\/div><div class=\"fusion-layout-column fusion_builder_column fusion-builder-column-5 fusion_builder_column_1_1 1_1 fusion-one-full fusion-column-first fusion-column-last fusion-column-no-min-height\" style=\"--awb-bg-size:cover;--awb-margin-bottom:0px;\"><div class=\"fusion-column-wrapper fusion-flex-column-wrapper-legacy\"><div class=\"fusion-sep-clear\"><\/div><div class=\"fusion-separator fusion-full-width-sep\" style=\"margin-left: auto;margin-right: auto;margin-bottom:20px;width:100%;\"><\/div><div class=\"fusion-sep-clear\"><\/div><div class=\"fusion-clearfix\"><\/div><\/div><\/div><\/div><\/div><div class=\"fusion-fullwidth fullwidth-box fusion-builder-row-2 nonhundred-percent-fullwidth non-hundred-percent-height-scrolling\" style=\"--awb-background-position:left top;--awb-border-sizes-top:0px;--awb-border-sizes-bottom:0px;--awb-border-sizes-left:0px;--awb-border-sizes-right:0px;--awb-border-radius-top-left:0px;--awb-border-radius-top-right:0px;--awb-border-radius-bottom-right:0px;--awb-border-radius-bottom-left:0px;--awb-padding-right:10%;--awb-padding-left:10%;--awb-flex-wrap:wrap;\" ><div class=\"fusion-builder-row fusion-row\"><div class=\"fusion-layout-column fusion_builder_column fusion-builder-column-6 fusion_builder_column_1_1 1_1 fusion-one-full fusion-column-first fusion-column-last fusion-column-no-min-height\" style=\"--awb-bg-size:cover;--awb-margin-bottom:0px;\"><div class=\"fusion-column-wrapper fusion-flex-column-wrapper-legacy\"><div class=\"fusion-text fusion-text-4\"><h1 style=\"text-align: center;\">Mi Budapest, tu Budapest<\/h1>\n<\/div><div class=\"fusion-sep-clear\"><\/div><div class=\"fusion-separator fusion-full-width-sep\" style=\"margin-left: auto;margin-right: auto;margin-bottom:20px;width:100%;\"><\/div><div class=\"fusion-sep-clear\"><\/div><div class=\"fusion-clearfix\"><\/div><\/div><\/div><div class=\"fusion-layout-column fusion_builder_column fusion-builder-column-7 fusion_builder_column_1_4 1_4 fusion-one-fourth fusion-column-first\" style=\"--awb-bg-size:cover;width:22%; margin-right: 4%;\"><div class=\"fusion-column-wrapper fusion-flex-column-wrapper-legacy\"><div class=\"fusion-clearfix\"><\/div><\/div><\/div><div class=\"fusion-layout-column fusion_builder_column fusion-builder-column-8 fusion_builder_column_1_2 1_2 fusion-one-half\" style=\"--awb-bg-size:cover;width:48%; margin-right: 4%;\"><div class=\"fusion-column-wrapper fusion-flex-column-wrapper-legacy\"><div class=\"fusion-text fusion-text-5\"><p>Budapest a tu manera se ha concebido para ofrecer a los visitantes hispanohablantes una <strong>experiencia aut\u00e9ntica, con apasionadas gu\u00edas locales<\/strong> que conocen tanto la ciudad, su historia y su realidad actual, como las costumbres de los espa\u00f1oles e hispanoamericanos. El objetivo de las actividades de Budapest a tu manera es que los visitantes se hagan una idea a trav\u00e9s de sus experiencias de c\u00f3mo es la vida en Budapest, c\u00f3mo son sus habitantes, qu\u00e9 problemas y qu\u00e9 alegr\u00edas tienen, <strong>qu\u00e9 lugares frecuentan y qu\u00e9 sitios interesantes esconde la ciudad m\u00e1s all\u00e1 de los monumentos \u201cobligatorios\u201d.<\/strong> Que tengan verdaderas experiencias y que al volver no se sientan simplemente como tras hojear un \u00e1lbum de Budapest.<br \/>\nPara las creadoras de Budapest a tu manera ha sido de especial importancia <strong>romper con el modelo tradicional de turismo y de rutas guiadas<\/strong>, donde los visitantes son condenados a la absoluta pasividad. En las actividades de Budapest a tu manera, los visitantes r<strong>eciben preguntas, resuelven dudas, buscan y encuentran, prueban, en fin, viven y descubren la ciudad, en vez de observarla pasivamente.<\/strong><br \/>\nEszter y Eva son dos traductoras, para las que Budapest a tu manera es un divertido \u201cproyecto de traducci\u00f3n\u201d, en el que deben transmitir sus experiencias de la ciudad a los visitantes hispanohablantes, y \u201ccontagiarlos\u201d de su <strong>entusiasmo por esta admirable ciudad, llena de vida y de intrigantes contradicciones.<\/strong><\/p>\n<\/div><div class=\"fusion-clearfix\"><\/div><\/div><\/div><div class=\"fusion-layout-column fusion_builder_column fusion-builder-column-9 fusion_builder_column_1_4 1_4 fusion-one-fourth fusion-column-last\" style=\"--awb-bg-size:cover;width:22%;\"><div class=\"fusion-column-wrapper fusion-flex-column-wrapper-legacy\"><div class=\"fusion-clearfix\"><\/div><\/div><\/div><\/div><\/div><\/p>\n","protected":false},"excerpt":{"rendered":"","protected":false},"author":1,"featured_media":198,"parent":0,"menu_order":0,"comment_status":"closed","ping_status":"closed","template":"100-width.php","meta":{"footnotes":""},"class_list":["post-50","page","type-page","status-publish","has-post-thumbnail","hentry"],"yoast_head":"<!-- This site is optimized with the Yoast SEO plugin v23.3 - https:\/\/yoast.com\/wordpress\/plugins\/seo\/ -->\n<title>\u00bfQUI\u00c9NES SOMOS? | Budapest a tu manera<\/title>\n<meta name=\"description\" content=\"Ven a nuestros tours en espa\u00f1ol por Budapest 100% personalizados, con gu\u00edas locales. Una alternativa al turismo de masas. Vive unas experiencias aut\u00e9nticas.\" \/>\n<meta name=\"robots\" content=\"index, follow, max-snippet:-1, max-image-preview:large, max-video-preview:-1\" \/>\n<link rel=\"canonical\" href=\"https:\/\/www.budapestatumanera.com\/index.php\/quienes-somos\/\" \/>\n<meta property=\"og:locale\" content=\"hu_HU\" \/>\n<meta property=\"og:type\" content=\"article\" \/>\n<meta property=\"og:title\" content=\"\u00bfQUI\u00c9NES SOMOS? | Budapest a tu manera\" \/>\n<meta property=\"og:description\" content=\"Ven a nuestros tours en espa\u00f1ol por Budapest 100% personalizados, con gu\u00edas locales. Una alternativa al turismo de masas. Vive unas experiencias aut\u00e9nticas.\" \/>\n<meta property=\"og:url\" content=\"https:\/\/www.budapestatumanera.com\/index.php\/quienes-somos\/\" \/>\n<meta property=\"og:site_name\" content=\"Budapest a tu manera\" \/>\n<meta property=\"article:modified_time\" content=\"2024-08-25T10:53:48+00:00\" \/>\n<meta property=\"og:image\" content=\"https:\/\/www.budapestatumanera.com\/wp-content\/uploads\/2017\/01\/bpatumanera-quienes-somos-t.jpg\" \/>\n\t<meta property=\"og:image:width\" content=\"1200\" \/>\n\t<meta property=\"og:image:height\" content=\"350\" \/>\n\t<meta property=\"og:image:type\" content=\"image\/jpeg\" \/>\n<meta name=\"twitter:card\" content=\"summary_large_image\" \/>\n<meta name=\"twitter:label1\" content=\"Becs\u00fclt olvas\u00e1si id\u0151\" \/>\n\t<meta name=\"twitter:data1\" content=\"5 perc\" \/>\n<script type=\"application\/ld+json\" class=\"yoast-schema-graph\">{\"@context\":\"https:\/\/schema.org\",\"@graph\":[{\"@type\":\"WebPage\",\"@id\":\"https:\/\/www.budapestatumanera.com\/index.php\/quienes-somos\/\",\"url\":\"https:\/\/www.budapestatumanera.com\/index.php\/quienes-somos\/\",\"name\":\"\u00bfQUI\u00c9NES SOMOS? | Budapest a tu manera\",\"isPartOf\":{\"@id\":\"https:\/\/www.budapestatumanera.com\/#website\"},\"primaryImageOfPage\":{\"@id\":\"https:\/\/www.budapestatumanera.com\/index.php\/quienes-somos\/#primaryimage\"},\"image\":{\"@id\":\"https:\/\/www.budapestatumanera.com\/index.php\/quienes-somos\/#primaryimage\"},\"thumbnailUrl\":\"https:\/\/www.budapestatumanera.com\/wp-content\/uploads\/2017\/01\/bpatumanera-quienes-somos-t.jpg\",\"datePublished\":\"2017-01-26T11:12:03+00:00\",\"dateModified\":\"2024-08-25T10:53:48+00:00\",\"description\":\"Ven a nuestros tours en espa\u00f1ol por Budapest 100% personalizados, con gu\u00edas locales. Una alternativa al turismo de masas. Vive unas experiencias aut\u00e9nticas.\",\"breadcrumb\":{\"@id\":\"https:\/\/www.budapestatumanera.com\/index.php\/quienes-somos\/#breadcrumb\"},\"inLanguage\":\"hu\",\"potentialAction\":[{\"@type\":\"ReadAction\",\"target\":[\"https:\/\/www.budapestatumanera.com\/index.php\/quienes-somos\/\"]}]},{\"@type\":\"ImageObject\",\"inLanguage\":\"hu\",\"@id\":\"https:\/\/www.budapestatumanera.com\/index.php\/quienes-somos\/#primaryimage\",\"url\":\"https:\/\/www.budapestatumanera.com\/wp-content\/uploads\/2017\/01\/bpatumanera-quienes-somos-t.jpg\",\"contentUrl\":\"https:\/\/www.budapestatumanera.com\/wp-content\/uploads\/2017\/01\/bpatumanera-quienes-somos-t.jpg\",\"width\":1200,\"height\":350,\"caption\":\"Budapest a tu manera | \u00bfqui\u00e9nes somos?\"},{\"@type\":\"BreadcrumbList\",\"@id\":\"https:\/\/www.budapestatumanera.com\/index.php\/quienes-somos\/#breadcrumb\",\"itemListElement\":[{\"@type\":\"ListItem\",\"position\":1,\"name\":\"Home\",\"item\":\"https:\/\/www.budapestatumanera.com\/\"},{\"@type\":\"ListItem\",\"position\":2,\"name\":\"\u00bfQUI\u00c9NES SOMOS?\"}]},{\"@type\":\"WebSite\",\"@id\":\"https:\/\/www.budapestatumanera.com\/#website\",\"url\":\"https:\/\/www.budapestatumanera.com\/\",\"name\":\"Budapest a tu manera\",\"description\":\"Budapest a tu manera | Vive Budapest como un local\",\"potentialAction\":[{\"@type\":\"SearchAction\",\"target\":{\"@type\":\"EntryPoint\",\"urlTemplate\":\"https:\/\/www.budapestatumanera.com\/?s={search_term_string}\"},\"query-input\":\"required name=search_term_string\"}],\"inLanguage\":\"hu\"}]}<\/script>\n<!-- \/ Yoast SEO plugin. -->","yoast_head_json":{"title":"\u00bfQUI\u00c9NES SOMOS? | Budapest a tu manera","description":"Ven a nuestros tours en espa\u00f1ol por Budapest 100% personalizados, con gu\u00edas locales. Una alternativa al turismo de masas. Vive unas experiencias aut\u00e9nticas.","robots":{"index":"index","follow":"follow","max-snippet":"max-snippet:-1","max-image-preview":"max-image-preview:large","max-video-preview":"max-video-preview:-1"},"canonical":"https:\/\/www.budapestatumanera.com\/index.php\/quienes-somos\/","og_locale":"hu_HU","og_type":"article","og_title":"\u00bfQUI\u00c9NES SOMOS? | Budapest a tu manera","og_description":"Ven a nuestros tours en espa\u00f1ol por Budapest 100% personalizados, con gu\u00edas locales. Una alternativa al turismo de masas. Vive unas experiencias aut\u00e9nticas.","og_url":"https:\/\/www.budapestatumanera.com\/index.php\/quienes-somos\/","og_site_name":"Budapest a tu manera","article_modified_time":"2024-08-25T10:53:48+00:00","og_image":[{"width":1200,"height":350,"url":"https:\/\/www.budapestatumanera.com\/wp-content\/uploads\/2017\/01\/bpatumanera-quienes-somos-t.jpg","type":"image\/jpeg"}],"twitter_card":"summary_large_image","twitter_misc":{"Becs\u00fclt olvas\u00e1si id\u0151":"5 perc"},"schema":{"@context":"https:\/\/schema.org","@graph":[{"@type":"WebPage","@id":"https:\/\/www.budapestatumanera.com\/index.php\/quienes-somos\/","url":"https:\/\/www.budapestatumanera.com\/index.php\/quienes-somos\/","name":"\u00bfQUI\u00c9NES SOMOS? | Budapest a tu manera","isPartOf":{"@id":"https:\/\/www.budapestatumanera.com\/#website"},"primaryImageOfPage":{"@id":"https:\/\/www.budapestatumanera.com\/index.php\/quienes-somos\/#primaryimage"},"image":{"@id":"https:\/\/www.budapestatumanera.com\/index.php\/quienes-somos\/#primaryimage"},"thumbnailUrl":"https:\/\/www.budapestatumanera.com\/wp-content\/uploads\/2017\/01\/bpatumanera-quienes-somos-t.jpg","datePublished":"2017-01-26T11:12:03+00:00","dateModified":"2024-08-25T10:53:48+00:00","description":"Ven a nuestros tours en espa\u00f1ol por Budapest 100% personalizados, con gu\u00edas locales. Una alternativa al turismo de masas. Vive unas experiencias aut\u00e9nticas.","breadcrumb":{"@id":"https:\/\/www.budapestatumanera.com\/index.php\/quienes-somos\/#breadcrumb"},"inLanguage":"hu","potentialAction":[{"@type":"ReadAction","target":["https:\/\/www.budapestatumanera.com\/index.php\/quienes-somos\/"]}]},{"@type":"ImageObject","inLanguage":"hu","@id":"https:\/\/www.budapestatumanera.com\/index.php\/quienes-somos\/#primaryimage","url":"https:\/\/www.budapestatumanera.com\/wp-content\/uploads\/2017\/01\/bpatumanera-quienes-somos-t.jpg","contentUrl":"https:\/\/www.budapestatumanera.com\/wp-content\/uploads\/2017\/01\/bpatumanera-quienes-somos-t.jpg","width":1200,"height":350,"caption":"Budapest a tu manera | \u00bfqui\u00e9nes somos?"},{"@type":"BreadcrumbList","@id":"https:\/\/www.budapestatumanera.com\/index.php\/quienes-somos\/#breadcrumb","itemListElement":[{"@type":"ListItem","position":1,"name":"Home","item":"https:\/\/www.budapestatumanera.com\/"},{"@type":"ListItem","position":2,"name":"\u00bfQUI\u00c9NES SOMOS?"}]},{"@type":"WebSite","@id":"https:\/\/www.budapestatumanera.com\/#website","url":"https:\/\/www.budapestatumanera.com\/","name":"Budapest a tu manera","description":"Budapest a tu manera | Vive Budapest como un local","potentialAction":[{"@type":"SearchAction","target":{"@type":"EntryPoint","urlTemplate":"https:\/\/www.budapestatumanera.com\/?s={search_term_string}"},"query-input":"required name=search_term_string"}],"inLanguage":"hu"}]}},"_links":{"self":[{"href":"https:\/\/www.budapestatumanera.com\/index.php\/wp-json\/wp\/v2\/pages\/50"}],"collection":[{"href":"https:\/\/www.budapestatumanera.com\/index.php\/wp-json\/wp\/v2\/pages"}],"about":[{"href":"https:\/\/www.budapestatumanera.com\/index.php\/wp-json\/wp\/v2\/types\/page"}],"author":[{"embeddable":true,"href":"https:\/\/www.budapestatumanera.com\/index.php\/wp-json\/wp\/v2\/users\/1"}],"replies":[{"embeddable":true,"href":"https:\/\/www.budapestatumanera.com\/index.php\/wp-json\/wp\/v2\/comments?post=50"}],"version-history":[{"count":18,"href":"https:\/\/www.budapestatumanera.com\/index.php\/wp-json\/wp\/v2\/pages\/50\/revisions"}],"predecessor-version":[{"id":595,"href":"https:\/\/www.budapestatumanera.com\/index.php\/wp-json\/wp\/v2\/pages\/50\/revisions\/595"}],"wp:featuredmedia":[{"embeddable":true,"href":"https:\/\/www.budapestatumanera.com\/index.php\/wp-json\/wp\/v2\/media\/198"}],"wp:attachment":[{"href":"https:\/\/www.budapestatumanera.com\/index.php\/wp-json\/wp\/v2\/media?parent=50"}],"curies":[{"name":"wp","href":"https:\/\/api.w.org\/{rel}","templated":true}]}}